{"id":79,"date":"2020-03-30T15:51:15","date_gmt":"2020-03-30T13:51:15","guid":{"rendered":"https:\/\/ptc.provincia.prato.it\/?page_id=79"},"modified":"2021-05-13T12:02:14","modified_gmt":"2021-05-13T10:02:14","slug":"variante-ptc","status":"publish","type":"page","link":"https:\/\/ptc.provincia.prato.it\/","title":{"rendered":"Variante PTC"},"content":{"rendered":"\n<figure class=\"wp-block-image size-large\"><img loading=\"lazy\" width=\"1024\" height=\"549\" src=\"https:\/\/ptc.provincia.prato.it\/wp-content\/uploads\/2020\/04\/1-1024x549.png\" alt=\"\" class=\"wp-image-92\" srcset=\"https:\/\/ptc.provincia.prato.it\/wp-content\/uploads\/2020\/04\/1-1024x549.png 1024w, https:\/\/ptc.provincia.prato.it\/wp-content\/uploads\/2020\/04\/1-300x161.png 300w, https:\/\/ptc.provincia.prato.it\/wp-content\/uploads\/2020\/04\/1-768x412.png 768w, https:\/\/ptc.provincia.prato.it\/wp-content\/uploads\/2020\/04\/1.png 1524w\" sizes=\"(max-width: 767px) 89vw, (max-width: 1000px) 54vw, (max-width: 1071px) 543px, 580px\" \/><\/figure>\n\n\n\n<p class=\"has-text-align-center\"><strong>Piano Territoriale di Coordinamento della Provincia di Prato <\/strong><\/p>\n\n\n\n<p class=\"has-text-align-center\"><strong>Variante di adeguamento ed aggiornamento alla L.R. 65\/2014 e al PIT-PPR<\/strong><\/p>\n\n\n\n<p class=\"has-text-align-center\"><strong><em>Pianificazione e Gestione del Territorio<\/em><\/strong><\/p>\n\n\n\n<p class=\"has-text-align-center\"><em><a href=\"https:\/\/ptc.provincia.prato.it\/index.php\/il-ptc-in-pillole\/\">il PTC in pillole<\/a><\/em><\/p>\n\n\n\n<p>Il governo del territorio \u00e8 caratterizzato da attivit\u00e0 che concorrono ad indirizzare, pianificare e programmare i diversi usi e trasformazioni del territorio urbano ed extraurbano, con riferimento agli interessi collettivi e alla sostenibilit\u00e0 nel tempo. Tra le attivit\u00e0 pi\u00f9 significative a livello regionale, provinciale e comunale si ricordano gli strumenti della pianificazione territoriale e urbanistica che contengono obiettivi, indirizzi generali ed azioni strategiche di sviluppo e di tutela del territorio, nel principio dello sviluppo sostenibile.<\/p>\n\n\n\n<p>La Provincia esercita le funzioni in materia, nel rispetto della pianificazione e programmazione di livello regionale, attraverso il Piano Territoriale di Coordinamento (PTC), i piani e i programmi, nonch\u00e9 mediante l&#8217;esercizio di funzioni autorizzative, di controllo, monitoraggio.<\/p>\n\n\n\n<p><strong><em>Cosa \u00e8 il P.T.C.?<\/em><\/strong><\/p>\n\n\n\n<p>Il Piano Territoriale di Coordinamento (P.T.C.), come definito dalla L.R. 65\/2014 \u201cNorme per il Governo del Territorio\u201d, \u00e8 lo strumento di pianificazione territoriale al quale si conformano le politiche provinciali, i piani e i programmi di settore provinciali, gli strumenti della pianificazione territoriale e gli strumenti della pianificazione urbanistica comunali; si configura come piano territoriale e strumento di programmazione, anche socio-economica, della provincia e deve recepire i contenuti del piano paesaggistico regionale (PIT-PPR).<\/p>\n\n\n\n<p>Questa tipologia di atto di governo del territorio svolge il suo compito rivolgendosi alle amministrazioni comunali al fine di rendere compatibile e coerente la pianificazione urbanistica comunale nell\u2019ambito del territorio provinciale<\/p>\n\n\n\n<p><strong><em>Perch\u00e9 fare una variante di adeguamento ed aggiornamento?<\/em><\/strong><\/p>\n\n\n\n<p>La Provincia di Prato si \u00e8 dotata di un Piano Territoriale di Coordinamento, approvato con D.C.P. n. 7 del 4\/02\/2009. Alla luce degli aggiornamenti normativi, si ravvede la necessit\u00e0 di aggiornarlo al fine di allinearsi al nuovo quadro normativo di livello regionale.<\/p>\n\n\n\n<p>Il 10 novembre 2014, viene approvata la Legge n. 65 \u201cNorme per il governo del territorio\u201d della Regione Toscana, inoltre il 27 marzo 2015 viene approvato con Delibera del Consiglio regionale n. 37 il Piano di Indirizzo Territoriale con valenza di Piano Paesaggistico (PIT-PPR) della Regione Toscana. Questo strumento prevede, tra l\u2019altro, la conformazione degli strumenti della pianificazione territoriale alla disciplina dello stesso.<\/p>\n\n\n\n<figure class=\"wp-block-image size-large is-resized\"><img loading=\"lazy\" src=\"https:\/\/ptc.provincia.prato.it\/wp-content\/uploads\/2020\/04\/2-e1594032511998-1024x380.png\" alt=\"\" class=\"wp-image-91\" width=\"641\" height=\"237\" srcset=\"https:\/\/ptc.provincia.prato.it\/wp-content\/uploads\/2020\/04\/2-e1594032511998-1024x380.png 1024w, https:\/\/ptc.provincia.prato.it\/wp-content\/uploads\/2020\/04\/2-e1594032511998-300x111.png 300w, https:\/\/ptc.provincia.prato.it\/wp-content\/uploads\/2020\/04\/2-e1594032511998-768x285.png 768w, https:\/\/ptc.provincia.prato.it\/wp-content\/uploads\/2020\/04\/2-e1594032511998.png 1516w\" sizes=\"(max-width: 641px) 100vw, 641px\" \/><\/figure>\n\n\n\n<p><em>Qual \u00e8 la procedura di formazione?<\/em><\/p>\n\n\n\n<p>La procedura di formazione della presente variante al Piano Territoriale di Coordinamento provinciale, quale atto di governo del territorio, \u00e8 definita nel&nbsp; titolo II della L.R. 65\/2014 \u201cnorme procedurali per la formazione degli atti di governo del territorio\u201d, le quali prevedono le fasi di avvio del procedimento, di adozione e di approvazione.<\/p>\n\n\n\n<p>Alla formazione dello strumento \u00e8 affiancata l\u2019attivit\u00e0 di informazione e di partecipazione finalizzati alla formulazione di proposte di contenuto per la variante in oggetto, anche attraverso momenti di discussione e confronto con i cittadini ed i soggetti interessati.<\/p>\n\n\n\n<p>Quali sono gli obiettivi?<\/p>\n\n\n\n<p>Gli obiettivi generali della variante al PTC si sostanziano in:<\/p>\n\n\n\n<p>&nbsp;&nbsp;&nbsp; \u2022 Adeguamento dei contenuti del PTCP al PIT-PPR e alle disposizioni del quadro normativo (comunitario, statale e regionale) vigente<\/p>\n\n\n\n<p>&nbsp;&nbsp;&nbsp; \u2022 Allineamento del piano agli strumenti urbanistici regionali e comunali, con particolare riferimento al perimetro del territorio urbanizzato.<\/p>\n\n\n\n<p>Il PTC individua inoltre obiettivi statutari, di tutela delle risorse ambientali e obiettivi strategici, di sviluppo e trasformazione del territorio, definiti nell\u2019atto di avvio del procedimento di formazione della variante<img loading=\"lazy\" width=\"665\" height=\"157\" src=\"\"><\/p>\n\n\n\n<figure class=\"wp-block-image size-large\"><img src=\"https:\/\/ptc.provincia.prato.it\/wp-content\/uploads\/2020\/04\/3-1024x553.png\" alt=\"\" class=\"wp-image-93\"\/><\/figure>\n\n\n\n<p><\/p>\n","protected":false},"excerpt":{"rendered":"<p>Piano Territoriale di Coordinamento della Provincia di Prato Variante di adeguamento ed aggiornamento alla L.R. 65\/2014 e al PIT-PPR Pianificazione e Gestione del Territorio il PTC in pillole Il governo del territorio \u00e8 caratterizzato da attivit\u00e0 che concorrono ad indirizzare, pianificare e programmare i diversi usi e trasformazioni del territorio urbano ed extraurbano, con riferimento &hellip; <\/p>\n<p class=\"link-more\"><a href=\"https:\/\/ptc.provincia.prato.it\/\" class=\"more-link\">Leggi tutto<span class=\"screen-reader-text\"> &#8220;Variante PTC&#8221;<\/span><\/a><\/p>\n","protected":false},"author":1,"featured_media":0,"parent":0,"menu_order":0,"comment_status":"closed","ping_status":"closed","template":"","meta":[],"_links":{"self":[{"href":"https:\/\/ptc.provincia.prato.it\/index.php\/wp-json\/wp\/v2\/pages\/79"}],"collection":[{"href":"https:\/\/ptc.provincia.prato.it\/index.php\/wp-json\/wp\/v2\/pages"}],"about":[{"href":"https:\/\/ptc.provincia.prato.it\/index.php\/wp-json\/wp\/v2\/types\/page"}],"author":[{"embeddable":true,"href":"https:\/\/ptc.provincia.prato.it\/index.php\/wp-json\/wp\/v2\/users\/1"}],"replies":[{"embeddable":true,"href":"https:\/\/ptc.provincia.prato.it\/index.php\/wp-json\/wp\/v2\/comments?post=79"}],"version-history":[{"count":20,"href":"https:\/\/ptc.provincia.prato.it\/index.php\/wp-json\/wp\/v2\/pages\/79\/revisions"}],"predecessor-version":[{"id":182,"href":"https:\/\/ptc.provincia.prato.it\/index.php\/wp-json\/wp\/v2\/pages\/79\/revisions\/182"}],"wp:attachment":[{"href":"https:\/\/ptc.provincia.prato.it\/index.php\/wp-json\/wp\/v2\/media?parent=79"}],"curies":[{"name":"wp","href":"https:\/\/api.w.org\/{rel}","templated":true}]}}