{"id":85,"date":"2020-03-30T16:06:50","date_gmt":"2020-03-30T14:06:50","guid":{"rendered":"https:\/\/ptc.provincia.prato.it\/?page_id=85"},"modified":"2021-05-03T15:57:51","modified_gmt":"2021-05-03T13:57:51","slug":"form-di-contatto","status":"publish","type":"page","link":"https:\/\/ptc.provincia.prato.it\/index.php\/form-di-contatto\/","title":{"rendered":"Form di contatto"},"content":{"rendered":"<div role=\"form\" class=\"wpcf7\" id=\"wpcf7-f84-o1\" lang=\"it-IT\" dir=\"ltr\">\n<div class=\"screen-reader-response\"><\/div>\n<form action=\"\/index.php\/wp-json\/wp\/v2\/pages\/85#wpcf7-f84-o1\" method=\"post\" class=\"wpcf7-form\" enctype=\"multipart\/form-data\" novalidate=\"novalidate\">\n<div style=\"display: none;\">\n<input type=\"hidden\" name=\"_wpcf7\" value=\"84\" \/>\n<input type=\"hidden\" name=\"_wpcf7_version\" value=\"5.1.7\" \/>\n<input type=\"hidden\" name=\"_wpcf7_locale\" value=\"it_IT\" \/>\n<input type=\"hidden\" name=\"_wpcf7_unit_tag\" value=\"wpcf7-f84-o1\" \/>\n<input type=\"hidden\" name=\"_wpcf7_container_post\" value=\"0\" \/>\n<\/div>\n<p><label> Identificazione del mittente: <\/label><br \/>\n<label> Il tuo nome: (obbligatorio)<br \/>\n    <span class=\"wpcf7-form-control-wrap your-name\"><input type=\"text\" name=\"your-name\" value=\"\" size=\"40\" class=\"wpcf7-form-control wpcf7-text wpcf7-validates-as-required\" aria-required=\"true\" aria-invalid=\"false\" \/><\/span> <\/label><br \/>\n<label> Il tuo cognome: (obbligatorio)<br \/>\n    <span class=\"wpcf7-form-control-wrap your-surname\"><input type=\"text\" name=\"your-surname\" value=\"\" size=\"40\" class=\"wpcf7-form-control wpcf7-text wpcf7-validates-as-required\" aria-required=\"true\" aria-invalid=\"false\" \/><\/span> <\/label><br \/>\n<label> Ente o associazione (in caso di singolo, inserire<br \/>\n la dicitura \"cittadino\"):<br \/>\n    <span class=\"wpcf7-form-control-wrap your-associazione\"><input type=\"text\" name=\"your-associazione\" value=\"\" size=\"40\" class=\"wpcf7-form-control wpcf7-text wpcf7-validates-as-required\" aria-required=\"true\" aria-invalid=\"false\" \/><\/span> <\/label><br \/>\n<label> La tua email: (obbligatorio)<br \/>\n    <span class=\"wpcf7-form-control-wrap your-email\"><input type=\"email\" name=\"your-email\" value=\"\" size=\"40\" class=\"wpcf7-form-control wpcf7-text wpcf7-email wpcf7-validates-as-required wpcf7-validates-as-email\" aria-required=\"true\" aria-invalid=\"false\" \/><\/span> <\/label><\/p>\n<p><label> Scegli per quale canale tematico inoltrare un contributo: <\/label><br \/>\n<span class=\"wpcf7-form-control-wrap CanaleTematico\"><select name=\"CanaleTematico\" class=\"wpcf7-form-control wpcf7-select wpcf7-validates-as-required\" aria-required=\"true\" aria-invalid=\"false\"><option value=\"Paesaggio\">Paesaggio<\/option><option value=\"Tutela delle risorse ambientali (Aria, Acqua, Suolo e sottosuolo, Biodiversit\u00e0, Flora, Fauna, Documenti della cultura, Citt\u00e0 e insediamenti, Paesaggio, Infrastrutture per la mobilit\u00e0, Territorio rurale, Clima, Popolazione, Processi socio-economici, Salute umana, Energia, Rifiuti)\">Tutela delle risorse ambientali (Aria, Acqua, Suolo e sottosuolo, Biodiversit\u00e0, Flora, Fauna, Documenti della cultura, Citt\u00e0 e insediamenti, Paesaggio, Infrastrutture per la mobilit\u00e0, Territorio rurale, Clima, Popolazione, Processi socio-economici, Salute umana, Energia, Rifiuti)<\/option><option value=\"Condivisione del patrimonio conoscitivo della Provincia\">Condivisione del patrimonio conoscitivo della Provincia<\/option><option value=\"Infrastrutture e mobilit\u00e0 dolce e sostenibile\">Infrastrutture e mobilit\u00e0 dolce e sostenibile<\/option><option value=\"Patrimonio edilizio scolastico\">Patrimonio edilizio scolastico<\/option><option value=\"Emergenze storiche\">Emergenze storiche<\/option><option value=\"Sviluppo sostenibile\">Sviluppo sostenibile<\/option><\/select><\/span><\/p>\n<p><label> Testo del contributo:<br \/>\n    <span class=\"wpcf7-form-control-wrap your-message\"><textarea name=\"your-message\" cols=\"40\" rows=\"10\" class=\"wpcf7-form-control wpcf7-textarea\" aria-invalid=\"false\"><\/textarea><\/span> <\/label><\/p>\n<p><span class=\"wpcf7-form-control-wrap allegato\"><input type=\"file\" name=\"allegato\" size=\"40\" class=\"wpcf7-form-control wpcf7-file\" accept=\".png,.jpg,.jpeg,.pdf,.zip\" aria-invalid=\"false\" \/><\/span><br \/>\n<label> *formati consentiti: pdf, jpg, png, zip <\/label><\/p>\n<p><span class=\"wpcf7-form-control-wrap acceptance\"><span class=\"wpcf7-form-control wpcf7-acceptance\"><span class=\"wpcf7-list-item\"><label><input type=\"checkbox\" name=\"acceptance\" value=\"1\" aria-invalid=\"false\" \/><span class=\"wpcf7-list-item-label\">Accetta informativa privacy<\/span><\/label><\/span><\/span><\/span><\/p>\n<p><label> Informativa ai sensi dell'art. 12 e ss Regolamento UE 679\/2016. I dati personali (nome, cognome e indirizzo di posta elettronica) raccolti nel presente form sono trattati in modo lecito, corretto e trasparente per finalit\u00e0 istituzionali ed, in particolare, per garantire la partecipazione della cittadinanza alla stesura della variante generale al Piano Territoriale di Coordinamento. Il trattamento degli stessi avviene ad opera di soggetti impegnati alla riservatezza, con logiche correlate alle finalit\u00e0 e, comunque, in modo da garantire la sicurezza e la protezione dei dati. Per ogni maggiore informazione circa il trattamento dei dati personali e l'esercizio dei diritti di cui agli art. 15 e ss Reg. UE 679\/2916, l'interessato potr\u00e0 visitare il sito www.provincia.prato.it, accedendo alla sezione privacy. Il titolare del trattamento \u00e8 la Provincia di Prato. <\/label><\/p>\n<p><input type=\"submit\" value=\"Invia\" class=\"wpcf7-form-control wpcf7-submit\" \/><\/p>\n<div class=\"wpcf7-response-output wpcf7-display-none\"><\/div><\/form><\/div>\n\n\n<p><\/p>\n","protected":false},"excerpt":{"rendered":"","protected":false},"author":1,"featured_media":0,"parent":0,"menu_order":0,"comment_status":"closed","ping_status":"closed","template":"","meta":[],"_links":{"self":[{"href":"https:\/\/ptc.provincia.prato.it\/index.php\/wp-json\/wp\/v2\/pages\/85"}],"collection":[{"href":"https:\/\/ptc.provincia.prato.it\/index.php\/wp-json\/wp\/v2\/pages"}],"about":[{"href":"https:\/\/ptc.provincia.prato.it\/index.php\/wp-json\/wp\/v2\/types\/page"}],"author":[{"embeddable":true,"href":"https:\/\/ptc.provincia.prato.it\/index.php\/wp-json\/wp\/v2\/users\/1"}],"replies":[{"embeddable":true,"href":"https:\/\/ptc.provincia.prato.it\/index.php\/wp-json\/wp\/v2\/comments?post=85"}],"version-history":[{"count":4,"href":"https:\/\/ptc.provincia.prato.it\/index.php\/wp-json\/wp\/v2\/pages\/85\/revisions"}],"predecessor-version":[{"id":176,"href":"https:\/\/ptc.provincia.prato.it\/index.php\/wp-json\/wp\/v2\/pages\/85\/revisions\/176"}],"wp:attachment":[{"href":"https:\/\/ptc.provincia.prato.it\/index.php\/wp-json\/wp\/v2\/media?parent=85"}],"curies":[{"name":"wp","href":"https:\/\/api.w.org\/{rel}","templated":true}]}}

<div role="form" class="wpcf7" id="wpcf7-f84-o1" lang="it-IT" dir="ltr">
<div class="screen-reader-response"></div>
<form action="/index.php/wp-json/wp/v2/pages/85#wpcf7-f84-o1" method="post" class="wpcf7-form" enctype="multipart/form-data" novalidate="novalidate">
<div style="display: none;">
<input type="hidden" name="_wpcf7" value="84" />
<input type="hidden" name="_wpcf7_version" value="5.1.7" />
<input type="hidden" name="_wpcf7_locale" value="it_IT" />
<input type="hidden" name="_wpcf7_unit_tag" value="wpcf7-f84-o1" />
<input type="hidden" name="_wpcf7_container_post" value="0" />
</div>
<p><label> Identificazione del mittente: </label><br />
<label> Il tuo nome: (obbligatorio)<br />
    <span class="wpcf7-form-control-wrap your-name"><input type="text" name="your-name" value="" size="40" class="wpcf7-form-control wpcf7-text wpcf7-validates-as-required" aria-required="true" aria-invalid="false" /></span> </label><br />
<label> Il tuo cognome: (obbligatorio)<br />
    <span class="wpcf7-form-control-wrap your-surname"><input type="text" name="your-surname" value="" size="40" class="wpcf7-form-control wpcf7-text wpcf7-validates-as-required" aria-required="true" aria-invalid="false" /></span> </label><br />
<label> Ente o associazione (in caso di singolo, inserire<br />
 la dicitura "cittadino"):<br />
    <span class="wpcf7-form-control-wrap your-associazione"><input type="text" name="your-associazione" value="" size="40" class="wpcf7-form-control wpcf7-text wpcf7-validates-as-required" aria-required="true" aria-invalid="false" /></span> </label><br />
<label> La tua email: (obbligatorio)<br />
    <span class="wpcf7-form-control-wrap your-email"><input type="email" name="your-email" value="" size="40" class="wpcf7-form-control wpcf7-text wpcf7-email wpcf7-validates-as-required wpcf7-validates-as-email" aria-required="true" aria-invalid="false" /></span> </label></p>
<p><label> Scegli per quale canale tematico inoltrare un contributo: </label><br />
<span class="wpcf7-form-control-wrap CanaleTematico"><select name="CanaleTematico" class="wpcf7-form-control wpcf7-select wpcf7-validates-as-required" aria-required="true" aria-invalid="false"><option value="Paesaggio">Paesaggio</option><option value="Tutela delle risorse ambientali (Aria, Acqua, Suolo e sottosuolo, Biodiversità, Flora, Fauna, Documenti della cultura, Città e insediamenti, Paesaggio, Infrastrutture per la mobilità, Territorio rurale, Clima, Popolazione, Processi socio-economici, Salute umana, Energia, Rifiuti)">Tutela delle risorse ambientali (Aria, Acqua, Suolo e sottosuolo, Biodiversità, Flora, Fauna, Documenti della cultura, Città e insediamenti, Paesaggio, Infrastrutture per la mobilità, Territorio rurale, Clima, Popolazione, Processi socio-economici, Salute umana, Energia, Rifiuti)</option><option value="Condivisione del patrimonio conoscitivo della Provincia">Condivisione del patrimonio conoscitivo della Provincia</option><option value="Infrastrutture e mobilità dolce e sostenibile">Infrastrutture e mobilità dolce e sostenibile</option><option value="Patrimonio edilizio scolastico">Patrimonio edilizio scolastico</option><option value="Emergenze storiche">Emergenze storiche</option><option value="Sviluppo sostenibile">Sviluppo sostenibile</option></select></span></p>
<p><label> Testo del contributo:<br />
    <span class="wpcf7-form-control-wrap your-message"><textarea name="your-message" cols="40" rows="10" class="wpcf7-form-control wpcf7-textarea" aria-invalid="false"></textarea></span> </label></p>
<p><span class="wpcf7-form-control-wrap allegato"><input type="file" name="allegato" size="40" class="wpcf7-form-control wpcf7-file" accept=".png,.jpg,.jpeg,.pdf,.zip" aria-invalid="false" /></span><br />
<label> *formati consentiti: pdf, jpg, png, zip </label></p>
<p><span class="wpcf7-form-control-wrap acceptance"><span class="wpcf7-form-control wpcf7-acceptance"><span class="wpcf7-list-item"><label><input type="checkbox" name="acceptance" value="1" aria-invalid="false" /><span class="wpcf7-list-item-label">Accetta informativa privacy</span></label></span></span></span></p>
<p><label> Informativa ai sensi dell'art. 12 e ss Regolamento UE 679/2016. I dati personali (nome, cognome e indirizzo di posta elettronica) raccolti nel presente form sono trattati in modo lecito, corretto e trasparente per finalità istituzionali ed, in particolare, per garantire la partecipazione della cittadinanza alla stesura della variante generale al Piano Territoriale di Coordinamento. Il trattamento degli stessi avviene ad opera di soggetti impegnati alla riservatezza, con logiche correlate alle finalità e, comunque, in modo da garantire la sicurezza e la protezione dei dati. Per ogni maggiore informazione circa il trattamento dei dati personali e l'esercizio dei diritti di cui agli art. 15 e ss Reg. UE 679/2916, l'interessato potrà visitare il sito www.provincia.prato.it, accedendo alla sezione privacy. Il titolare del trattamento è la Provincia di Prato. </label></p>
<p><input type="submit" value="Invia" class="wpcf7-form-control wpcf7-submit" /></p>
<div class="wpcf7-response-output wpcf7-display-none"></div></form></div>


<p></p>
